3*d + 6*a = 3*a + 3. Suppose -2*k = d*k - 320. What is the highest common factor of k and 16?
16
Let p be (-5 + -2)*((-240)/28 - 0). Let z = 3 - 2. Let r be (z - -15)/(16/40). What is the greatest common factor of p and r?
20
Suppose -5*x - 10*r + 6*r + 950 = 0, -3*x - 4*r = -570. What is the highest common divisor of x and 30?
10
Let r = 440 + -248. Calculate the greatest common divisor of r and 24.
24
Let y be ((828/30)/2)/((-6)/(-20)). Calculate the highest common factor of 1886 and y.
46
Suppose -2394 = -5*i - 14*i. Calculate the highest common factor of i and 70.
14
Let g(f) = f**3 - 2*f**2 + f + 4. Let u be g(3). Let q be (-282)/(-7) - 13/637*14. What is the highest common factor of q and u?
8
Suppose -b - d = 0, 0*d = -4*b + 4*d + 24. Suppose b = -q - 7. Let n be 6/q - 7260/(-100). Calculate the highest common divisor of 9 and n.
9
Let r = 18 + 3. Let u = 5 + 2. What is the greatest common divisor of r and u?
7
Let p be 6 + 27/(-6)*2/3. Suppose 4*m + 28 = 4*w, 0*w = 4*w + 2*m + 2. Let b be ((-5)/w)/(-5)*2. Calculate the greatest common divisor of b and p.
1
Let r = 11 + -9. Suppose 4*d = 4*c + 248, -70 + 14 = -d - r*c. Calculate the greatest common factor of d and 15.
15
Suppose 0 = -5*h + a + 152, 44 = 3*h - 3*a - 40. Let i = 52 - h. Let d be 1 + 20/(2/2). What is the greatest common factor of d and i?
21
Suppose -2*x - 30 + 112 = 0. Suppose -2*i = -x - 67. What is the highest common divisor of 36 and i?
18
Let t(v) = -v - 1. Let b be t(-4). Suppose -b*j + 17 - 5 = 0. Suppose -j*f + f + 4*d = -94, -d - 1 = 0. Calculate the highest common factor of 45 and f.
15
Suppose -7*f - 2*j + 65 = -2*f, 10 = -2*j. Suppose f = -5*x + 85. Let m = 151 - 137. Calculate the highest common divisor of m and x.
14
Suppose 19*x + 644 = 42*x. What is the greatest common factor of x and 1484?
28
Let k be (-4 + 4)/(-5) + 2. Suppose -5*u - 3 = 3*r, 3*u + k = 3*r - 19. Calculate the highest common divisor of 4 and r.
4
Let t = -116 - -118. Suppose -t*v - 7 = -2*y + 31, 2*y + 4*v = 32. Suppose 436 + 158 = 3*g. What is the highest common factor of y and g?
18
Let q = 193 - 177. Calculate the highest common divisor of 488 and q.
8
Let z be (-140)/63 + 4/18. Let b = z - -9. Let h = b + 13. What is the greatest common factor of h and 4?
4
Suppose 0 = -12*s + 11*s + 21. What is the highest common divisor of 42 and s?
21
Let n(l) = l + 3. Suppose 7*b = 5*b - 4. Let v be n(b). Calculate the greatest common divisor of v and 2.
1
Let y be (-6)/(48/(-196)) + 1/(-2). Let k = 18 + -6. What is the greatest common factor of y and k?
12
Suppose 14 = 2*i + 6. Suppose -3*g = 6, 3*g + 6 = p - i. Calculate the greatest common divisor of p and 20.
4
Let p be 4081/91 - -6 - (-4)/26. Suppose 3*n + p = 3*s, s = -2*s - n + 35. What is the highest common divisor of 26 and s?
13
Let x = -211 - -219. Let c = -14 + 6. Let s be c/12 - 74/(-3). Calculate the greatest common divisor of s and x.
8
Suppose -3 = -2*k + 5. Let a be (-80)/(-4) - 2/(k/(-6)). Let g be (-276)/(-8)*(-8)/(-3). Calculate the highest common factor of g and a.
23
Let m(i) = 11*i - 1. Let w be m(6). Suppose 336*s + 52 = 340*s. What is the greatest common factor of w and s?
13
Let o be 15*((-12)/9)/(2/5). Let h = o - -167. Suppose -3*q + 49 = 10. Calculate the greatest common divisor of q and h.
13
Suppose 4 + 100 = 4*p + 4*r, 5*r = 4*p - 149. Suppose -3*u + 3*h = -45, -8 - p = -2*u - h. Calculate the greatest common divisor of 2 and u.
2
Suppose -d + 2*u = -323, 3*u = 15*d - 16*d + 323. Calculate the highest common factor of d and 17.
17
Suppose 5*y + 10 = -2*i + 45, 3*y = 9. Suppose -12*k + 227 = -73. What is the highest common divisor of i and k?
5
Let j(w) = -45*w - 110. Let d be j(-11). Calculate the highest common factor of 55 and d.
55
Let d be (-2)/(-4)*32 - 4/4. What is the greatest common factor of d and 105?
15
Suppose 4*d + 67 = 151. What is the greatest common factor of 56 and d?
7
Let q = -23 - -599. What is the highest common factor of 72 and q?
72
Suppose -4*a - y + 94 = -3*y, 5*y - 65 = -2*a. Let q be 3 + -2 - (-50 - 2/(-2)). Calculate the highest common divisor of a and q.
25
Let j be 1/(-1)*(-1 + -23). Suppose 80*m - 90*m + 720 = 0. What is the greatest common divisor of m and j?
24
Let l = 43 + -38. Suppose -3*u - l*u = -288. Calculate the highest common divisor of u and 108.
36
Let k(o) = -5*o - 28. Let z be k(-10). Suppose 2*a - 4*a - 12 = 0. Let d be 58 - 3/(-6)*a. What is the highest common factor of d and z?
11
Let d(r) = -5*r + 13. Let g be d(-2). Calculate the greatest common divisor of g and 621.
23
Let t = 1826 + -1793. Let u(o) = -12*o**3 - 2*o**2 - o. Let x be u(-1). Calculate the greatest common factor of x and t.
11
Let v be ((-4)/10 - 28/30)*-57. Calculate the highest common factor of v and 4.
4
Suppose 5*w + 27 = 117. Calculate the greatest common divisor of w and 1224.
18
Let f(y) = -y**3 - 2*y**2 - y. Let w be f(-5). Let z be 0*(0 + -1 - 0). Suppose 3*d - 7*d + 80 = z. What is the highest common factor of w and d?
20
Suppose 33 = 6*h - 9. Suppose 6*y - 17 = h. What is the highest common divisor of y and 20?
4
Let a be (-3)/4 - (-979)/356. Calculate the greatest common divisor of a and 22.
2
Let b be (2772/90)/((-6)/(-105)). Calculate the highest common divisor of 49 and b.
49
Suppose 19 = -4*y - 2*u + 61, -y = 4*u + 7. What is the highest common factor of y and 6?
1
Let t = -31 + 91. Let o = 14 + -7. Let s = 22 - o. Calculate the highest common factor of s and t.
15
Let i be (-2 - 1) + 101 - 0. Suppose 0*g - 7*g = -i. What is the greatest common factor of 140 and g?
14
Let i = 22 - 9. Let o = -16 + 18. Let j be -3 - (-71*o - 4). Calculate the greatest common factor of i and j.
13
Let z be -4*(65/40 + 2)*-4. Calculate the highest common divisor of 2 and z.
2
Suppose d - 15 = 11. Suppose 2*y + 4*h - 240 = 0, -3*y + 274 = -3*h - 131. What is the highest common divisor of y and d?
26
Let q be 100/30*(-51)/2. Let x = q + 151. Let t(m) = m**3 + 4*m**2 - 6*m + 1. Let k be t(-5). What is the highest common factor of x and k?
6
Let x(q) be the third derivative of q**5/30 - 5*q**3/3 + 28*q**2. Let a be x(-5). What is the highest common factor of 24 and a?
8
Suppose 15*a + 22*a - 666 = 0. Suppose -2*h = -q + 2*q - 182, -3*q = 5*h - 456. Suppose h = 4*c + c. Calculate the greatest common divisor of a and c.
18
Suppose 2*v = -0*h + 5*h + 133, -2*v - 3*h = -93. Calculate the greatest common divisor of v and 63.
9
Let w(d) = -2*d**3 - d**2 + d + 2. Let x(c) = -c**3 - c. Let y be x(1). Let i be w(y). Suppose f + f - i = 0. What is the highest common divisor of f and 4?
2
Let n(z) = z**3 - 14*z**2 + 2*z - 12. Let q be n(14). What is the greatest common factor of 272 and q?
16
Let g(u) = -3*u + 107. Let i be g(5). Calculate the greatest common factor of i and 138.
46
Let l be (-864)/45*(-6 - 3/(-3)). What is the highest common divisor of 6 and l?
6
Let d be (-6)/((-2)/141*3). Suppose p + d = 4*s, 5*s - 3*p - 77 = 101. Suppose -3*z + 11 = 4*i, -5 = 3*i + 2*i. What is the highest common factor of s and z?
5
Suppose 0 = -286*s + 284*s + 290. What is the highest common factor of s and 29?
29
Let r be (3/(-2))/(1/(-6)). Let n be -3*(348/r - 3). Let k = n - -206. Calculate the highest common factor of k and 11.
11
Let p = -1 - 3. Let z(v) = -3*v**2 + 22*v - 9. Let h be z(7). Let s be (p - -3)*(-31 + h). What is the highest common divisor of s and 22?
11
Let c = -22 + 25. Let o be 43 - 7/((-7)/c). Suppose 5*w - 16 - 99 = 0. What is the highest common factor of w and o?
23
Let d = 57 - 54. Let h be (d - -45)*(-5)/(-2). What is the greatest common divisor of h and 24?
24
Let d be (4/2)/((-7)/(-14)). Suppose 0 = -4*n - 5*r + 23 + d, n + r = 6. Suppose 0 = n*z - 67 - 41. What is the greatest common divisor of 12 and z?
12
Let c = -338 - -348. Suppose 4*q = -2*j + 40, -2*j - 12 = -q - 52. What is the greatest common factor of c and j?
10
Let p be 0 + (-904)/(-10) + 124/(-310). What is the greatest common divisor of 150 and p?
30
Suppose -3*l = 2*l + 3*k - 329, -5*l - 5*k = -335. Let t(u) = u**3 + 9*u**2 - 12*u - 4. Let f be t(-10). What is the greatest common divisor of l and f?
16
Suppose 272 = 14*i - 22. Calculate the highest common factor of 14 and i.
7
Suppose -12 = -2*n - 2, 0 = -3*i - 3*n + 105. Let j = i 